?
8
Let g(u) = -5*u - 12. What is the remainder when g(-68) is divided by 125?
78
Let f be 451 + (-2 - (-4 - -6)). Let g = -327 + f. What is the remainder when g is divided by 42?
36
Let d be (-6)/10 + 16/((-160)/(-66)). Let z(c) be the first derivative of -c**3/3 + 7*c**2/2 + 9*c + 2. Calculate the remainder when z(d) is divided by 9.
6
Suppose 0 = -5*p + 6512 - 2142. Suppose 18*n = -n + p. Calculate the remainder when 89 is divided by n.
43
Let c(f) be the second derivative of -1/2*f**3 + 13*f + 0 + 43/2*f**2. Calculate the remainder when c(0) is divided by 16.
11
Let t(f) be the second derivative of 11*f**3/6 - 58*f**2 - 143*f. Calculate the remainder when 189 is divided by t(12).
13
Let l(q) = 11*q + 25. Let f be l(-2). Suppose -4*j + 32 = f*x, x = -4*x - 5*j + 60. Suppose -14 = -k + x. What is the remainder when k is divided by 7?
2
Let o = 487 - 467. Let r(v) = 7*v**2 - 1. What is the remainder when r(3) is divided by o?
2
Let u(y) = 2*y + 19. Suppose 10*p - 8*p - 12 = 0. Calculate the remainder when u(p) is divided by 11.
9
Suppose 16 = -58*m + 62*m. Suppose -b = -5*x + 201, 0 = -m*b + 5*b - 4. Calculate the remainder when 244 is divided by x.
39
Let t be ((1 - 2) + 1)/(-3). Suppose 262 = 3*y - 4*m - 80, -4*y - m + 456 = t. Suppose -14*p + y = -12*p. What is the remainder when p is divided by 15?
12
Let i = -9 + 15. Let b be (i - 39)*4/(-6). Suppose -29 = -3*n + b. What is the remainder when n is divided by 9?
8
Suppose 12*y + 13 = -11. Let i(t) = 8*t**2 - t - 4. What is the remainder when i(y) is divided by 9?
3
Suppose 64 = -0*t + 4*t. Suppose -4*v - 103 = -851. Suppose -3*d - 45 = -5*s - 319, v = 2*d + s. Calculate the remainder when d is divided by t.
13
Let l(p) = 9*p**2 - p + 6. Let j be l(5). Let z = j + -152. Let k(f) = -f**2 + 4*f + 16. What is the remainder when z is divided by k(5)?
8
Suppose h + 5*v + 6 = -10, 8 = -4*v. Calculate the remainder when 26/h*10/20*-12 is divided by (2 - 4)*(-45)/6.
11
Suppose 16*s + 51765 = 79701. What is the remainder when s is divided by 8?
2
Suppose x + 17 = 2*x. Suppose 150*a + 4356 - 4956 = 0. What is the remainder when x is divided by a?
1
Suppose -20*x + 21*x + 3*u = 140, x = -4*u + 141. Calculate the remainder when 242 is divided by x.
105
Suppose -9*z = -24 + 78. Let v(n) = -n**2 - 20*n + 7. Let j be v(z). Suppose 3*t = -4*t + j. Calculate the remainder when t is divided by 7.
6
Let s = -2 + 9461. Calculate the remainder when s is divided by 55.
54
Suppose 5*d - 5*i - 580 = 0, -7*i = -2*i - 5. What is the remainder when 440 is divided by d?
89
Let t = -9698 - -10100. What is the remainder when 1229 is divided by t?
23
Calculate the remainder when 400 is divided by (-244 - -172)/(4/(-6)).
76
Suppose 3*d = -p - 4*p, 5*d = -p. Let u(s) = -37*s - 43. Let c be u(-4). Suppose p = -3*l + c - 36. What is the remainder when 181 is divided by l?
20
Suppose 0 = x + 9*x + 10*x - 4640. What is the remainder when x is divided by 73?
13
Let a be (0*4/28)/(-3). What is the remainder when 44 is divided by (a + -5)/(-14 - -13)?
4
Suppose 1350 = -66*s + 91*s. Let h(x) = -x**3 + 2*x + 0*x + 6*x**2 - 4 + 2*x - 2*x. Calculate the remainder when s is divided by h(6).
6
Let c(b) = -11*b**2 - 47*b + 11. Let x be c(-11). Let n = x - -807. What is the remainder when 6 is divided by n?
2
Let s(b) = -b**3 + b**2 + 4*b + 314. Calculate the remainder when s(0) is divided by 81.
71
Calculate the remainder when 7 - 38655/(-90)*2*5 is divided by 41.
38
Let l(m) = m + 27. Let b be l(-23). Let o be (1 - 3)/(b/10) - 0. Calculate the remainder when (70/4)/(o*4/(-40)) is divided by 19.
16
Let r(l) = 48*l**2 - 895*l - 3. Calculate the remainder when 967 is divided by r(19).
7
Calculate the remainder when 1102 is divided by 12/44 + (-10615)/(-121) + 2.
22
Suppose 2*t = 5*s + 127, 479*t - 478*t = 4*s + 71. What is the remainder when 412 is divided by t?
4
Let o = 32 - 8. Suppose -o*b = -26*b. Suppose b = 3*x + 3*k + 2*k - 96, 4*x = 4*k + 96. Calculate the remainder when 78 is divided by x.
24
Suppose 59*t - 16315 - 15958 = 0. What is the remainder when t is divided by 113?
95
Let y = 294 + -277. Let n(t) = -t**2 + 11*t - 16. Let b be n(9). Suppose s = -b*s + 300. Calculate the remainder when s is divided by y.
15
Let w(y) = y**2 - 12*y + 7. Suppose -6*m + 8*m - 24 = 0. Let o be w(m). Suppose 28 = -5*f + o*f. What is the remainder when 52 is divided by f?
10
Suppose 97*i - 1139 = -5*c + 99*i, 4*c - 916 = i. What is the remainder when 513 is divided by c?
51
Suppose -93*h + 109*h - 6094 = 2738. Calculate the remainder when h is divided by 192.
168
Suppose 3*u - 3*t + 9 - 3 = 0, 5*t = -3*u + 26. Suppose -12*z + 15*z - 179 = -u*q, 3*z + 261 = 3*q. What is the remainder when q is divided by 16?
8
Suppose 9*k - 10289 + 3629 = 0. Suppose -q = 2*r - 4*q - 494, 3*r - 5*q = k. What is the remainder when r is divided by 32?
26
Suppose 1296 = 2*p - 5*a, -62 = -2*p + a + 1250. Calculate the remainder when p is divided by 192.
82
Let r(b) = -b**2 + 5*b - 85. Let g(q) = q**2 - 10*q + 168. Let z(n) = -2*g(n) - 5*r(n). Calculate the remainder when z(0) is divided by 13.
11
Suppose -d + 8 = -2*a, 507*a - 512*a + 115 = 5*d. What is the remainder when 78 is divided by d?
6
Suppose 68 = -2*j - 210. Let c = j - -266. What is the remainder when c is divided by 44?
39
Suppose -13*i + 941 = 3*a - 17*i, -4*i = -2*a + 622. Let n = -43 + 53. Calculate the remainder when a is divided by n.
9
Let z be 595/(-34)*102/(-5). What is the remainder when (-294)/(-8) + 0 + z/(-476) is divided by 13?
10
Let n = 3453 - 3397. Calculate the remainder when 334 is divided by n.
54
Let p(k) = k**2 - 24*k - 18. Let l be p(24). Let r be 2/(3*1/l). Calculate the remainder when ((-147)/r)/7*12 is divided by 8.
5
Suppose 37 - 3 = 4*i + 3*h, 4*h - 2 = -i. Suppose i = p - 18. Suppose m + p = 3*m. Calculate the remainder when 39 is divided by m.
11
Let c be (21/(-4))/(6/(-112)). Suppose -a + 22 = w - 13, 5*a = 2*w - c. Suppose -8 = -6*p + 5*p + j, 0 = 3*j. What is the remainder when w is divided by p?
7
What is the remainder when 6/(-4) - 6185/(-10) is divided by 609?
8
What is the remainder when (-2 - 131)/((-21)/(-6) - 4) is divided by 92 - 0*1/6?
82
Suppose -l - 86 = -4*p + 2*l, 3*l - 14 = -p. Suppose 5*s - p = 65. Suppose 2*r - 129 = -k, 5*k = -91 + 76. What is the remainder when r is divided by s?
15
Let v(l) = -2*l**2 + 23*l + 5. Let f be v(11). Let c = -14 + f. Calculate the remainder when (c - 64)*((-11)/2)/11 is divided by 18.
13
Suppose 2896 = 25*k - 679. Let z(h) = h**3 + 9*h**2 + 8*h - 6. Let o be z(-6). Let s = k - o. Calculate the remainder when s is divided by 31.
27
Suppose 26*l - 327 = 23*l. Let v = 244 - l. Suppose 11*r - 6*r - v = 0. What is the remainder when r is divided by 8?
3
Let f be (-4305)/50*-2 + (-8)/(-10). Suppose 3*c + 37 = b, -26*b + 31*b - 3*c = f. Calculate the remainder when b is divided by 2/9 + (-212)/(-18).
10
Suppose 25*c - 7176 = 19*c. Suppose -8*f = -4*f - c. Suppose -3*i = h - f - 61, 5*i - 583 = 4*h. What is the remainder when i is divided by 12?
11
Suppose 36*w - 54 = 27*w. Suppose 5*s + 8*p = w*p + 38, -31 = -4*s - p. What is the remainder when 22 is divided by s?
6
Let f be (-10)/(-2) - (-89 + -2). Suppose -24*s - f = -30*s. What is the remainder when 43 is divided by s?
11
Suppose 57*w + 2*l - 54 = 52*w, -2*l = 6. What is the remainder when 2099 is divided by w?
11
What is the remainder when 55 is divided by 13 - (3/2 + (-4 - 14/(-4)))?
7
Let c(h) = 36*h**3 + 5*h**2 - 6*h. Let w = 307 - 306. What is the remainder when c(w) is divided by 12?
11
Let h(k) = 87*k**3 + 7*k - 13*k + 8 + k**2 + 0 - 3. What is the remainder when h(1) is divided by -44*(2 + 5/(-2))?
21
Suppose -5*r = -v - 245, -147 = -3*r + 4*v - 2*v. Let t = -16038 - -16180. What is the remainder when t is divided by r?
44
Let m(t) = 14*t + 1. Let z = 128777 - 128661. What is the remainder when z is divided by m(1)?
11
Suppose 0 = d - 6*d - 5. Let s(a) = -a**3 + 8*a**2 - 7*a + 5. What is the remainder when (d*178)/(-7 - -5) is divided by s(5)?
44
Let y(m) = -m**2 + 9*m - 10. Let t(x) = -x**3 - 9*x**2 - 12*x + 27. Let r be t(-7). Suppose -35 - 17 = -r*c. Calculate the remainder when y(7) is divided by c.
0
Let i(n) = 237*n - 921. Let b = -12 - -28. What is the remainder w